hat is x(-15)?
-13
Let w(s) = s**3 - 5*s**2 - 4. Give w(6).
32
Let d(g) = -6*g - 52. Calculate d(0).
-52
Let r(t) = t**2 - 21*t + 10. Calculate r(19).
-28
Let s(x) = x**3 - 4*x**2 - 3*x + 14. What is s(3)?
-4
Let b(n) = 7*n - 215. Determine b(32).
9
Let y(c) = -c**2 - c - 1. What is y(-2)?
-3
Let y(f) = f**2 - 10*f + 25. Determine y(3).
4
Let j(c) = -3*c**2 - 88*c - 29. Determine j(-29).
0
Let u(a) = -a**3 + 5*a**2 + 9*a - 8. Calculate u(6).
10
Let c(d) = -d**3 - 28*d**2 + 29*d + 9. Calculate c(-29).
9
Let h(a) = -a**3 + 3*a**2 - 10*a + 6. What is h(4)?
-50
Let m(n) = n**3 - 10*n**2 - 24*n + 3. Give m(12).
3
Let h(o) = o**3 + 7*o**2 + 16*o + 9. Calculate h(-4).
-7
Let f(p) = 9*p - 50. Give f(6).
4
Let v(c) = -3*c**2 - 50*c + 78. Calculate v(-18).
6
Let g(b) = -10*b - 19. Calculate g(-5).
31
Let m(p) = -p**2 + 2*p - 3. Determine m(0).
-3
Let t(y) = -4*y + 5. Determine t(-5).
25
Let i(d) = -d**3 + 14*d**2 - 25*d + 17. Determine i(12).
5
Let a(f) = -12*f + 46. Determine a(7).
-38
Let z(w) = w**3 + 5*w**2 - 9*w - 22. Calculate z(-6).
-4
Let x(h) = -2*h**3 - 13*h**2 + 8*h + 2. Calculate x(-7).
-5
Let h(v) = v**3 + 4*v**2 + 4*v + 27. What is h(-8)?
-261
Let k(n) = -2*n + 47. Calculate k(0).
47
Let b(k) = 29*k - 8. Determine b(1).
21
Let s(b) = -b**2 + 15*b + 10. What is s(14)?
24
Let f(h) = -h**3 - 2*h**2 - h + 8. Determine f(0).
8
Let f(m) = -m**3 + 4*m**2 - m - 5. Determine f(4).
-9
Let b(x) = -7*x + 5. Calculate b(4).
-23
Let z(y) = y**3 + 16*y**2 - 38*y - 27. Determine z(-18).
9
Let g(p) = -p**2 + 10*p - 2. Calculate g(4).
22
Let z(v) = 3*v - 14. Give z(11).
19
Let o(m) = 63*m**3 - 9*m**2 + 10*m - 1. Give o(1).
63
Let c(p) = -p**3 - 18*p**2 + 20*p + 28. Calculate c(-19).
9
Let f(x) = 2*x**2 + 44*x - 2. Calculate f(-22).
-2
Let d(t) = t**3 + 7*t**2 - 2*t + 1. Determine d(-7).
15
Let o(c) = -c**3 - 7*c**2 + 7*c - 11. What is o(-8)?
-3
Let o(h) = -2*h - 2. Determine o(-1).
0
Let x(z) = z**2 - z. What is x(-1)?
2
Let z(c) = 6*c**3 + 2*c - 1. Give z(1).
7
Let r(u) = -u**3 + 7*u**2 + u + 1. What is r(7)?
8
Let k(p) = 3*p**2 - p + 9. Give k(0).
9
Let t(p) = 39*p**2 + 3*p + 2. Calculate t(-1).
38
Let j(d) = -d**3 - 11*d**2 + 27*d + 18. Give j(-13).
5
Let l(y) = y**2 - 6*y + 1. Give l(8).
17
Let w(a) = a**2 - 27*a - 11. Calculate w(27).
-11
Let c(w) = w + 16. Determine c(-8).
8
Let m(d) = 5*d**2 + 8*d. Give m(-3).
21
Let u(l) = -2*l**3 + 22*l**2 - 12*l - 14. What is u(10)?
66
Let g(l) = 3*l**2 + 29*l + 98. Calculate g(-4).
30
Let d(w) = 3*w + 30. Give d(-20).
-30
Let s(j) = j**3 + 11*j**2 + 7*j. What is s(-10)?
30
Let n(r) = -r - 42. Give n(-40).
-2
Let a(h) = 24*h - 24. Determine a(1).
0
Let a(w) = 15*w**2 + w. Calculate a(1).
16
Let q(a) = -a**3 + 10*a**2 - 11*a + 18. Determine q(9).
0
Let y(f) = 2*f + 11. What is y(-8)?
-5
Let x(u) = u**2 + 7*u + 3. Give x(-6).
-3
Let p(x) = -x**3 - 2*x**2 + 3. Give p(-3).
12
Let i(y) = 8*y + 7. Give i(-1).
-1
Let t(s) = -s**3 - 18*s**2 + 2*s + 39. Give t(-18).
3
Let s(q) = q**3 - 6*q**2 + 3*q - 3. Calculate s(4).
-23
Let o(h) = -25*h**2 + 4*h + 15. Give o(-2).
-93
Let m(o) = o**3 - 12*o**2 + 21*o - 11. Determine m(9).
-65
Let i(v) = -3*v + 4. Calculate i(5).
-11
Let h(c) = c**3 - 8*c**2 + 2*c - 4. Determine h(8).
12
Let m(d) = d**2 + 7*d - 2. Give m(-5).
-12
Let s(i) = -i**3 + i**2 + 4*i - 10. What is s(3)?
-16
Let a(r) = r + 10. Calculate a(0).
10
Let g(k) = -k**2 + 7*k + 7. Give g(6).
13
Let k(i) = 2*i**3 + 45*i**2 - 21*i + 54. What is k(-23)?
8
Let d(s) = 3*s**2 - 5. Determine d(2).
7
Let r(i) = i + 12. What is r(-4)?
8
Let o(r) = r**2 - 7*r - 11. Calculate o(6).
-17
Let h(o) = -3*o + 9. Determine h(3).
0
Let c(d) = d**3 + d**2 + 3*d - 24. Determine c(0).
-24
Let v(n) = n**2 + n - 7. Calculate v(5).
23
Let b(f) = f**3 - 6*f**2 + 8*f + 6. Give b(4).
6
Let q(h) = -h**2 - 33*h - 202. What is q(-24)?
14
Let s(y) = 2*y**2 + 7*y - 8. Determine s(-7).
41
Let p(t) = -80*t**3 - 3*t**2 + t + 1. Determine p(-1).
77
Let z(j) = j**2 + 8*j + 1. Give z(-11).
34
Let k(c) = c**3 - 3*c**2 - 3*c + 2. Determine k(4).
6
Let l(j) = -j - 11. Determine l(-8).
-3
Let t(z) = 2*z + 20. Calculate t(-8).
4
Let h(b) = b - 10. Determine h(13).
3
Let n(h) = -h**3 - 4*h**2 + 8*h + 11. Determine n(-5).
-4
Let w(c) = c**3 - 10*c**2 - 4*c - 12. Calculate w(9).
-129
Let t(r) = -3*r**3 + 50*r**2 + 14*r + 49. What is t(17)?
-2
Let z(o) = o**2 + 2*o + 3. What is z(-3)?
6
Let z(s) = -3*s**3 - 2*s + 3. What is z(2)?
-25
Let n(v) = v**2 + 3*v. Determine n(-2).
-2
Let u(d) = -d**2 + 2*d + 5. Determine u(-2).
-3
Let w(o) = -3*o**2 - 20*o - 3. Determine w(-6).
9
Let v(z) = z - 2. Calculate v(-1).
-3
Let a(w) = -w - 5. Give a(-6).
1
Let j(w) = -w**3 + 9*w**2 - 13*w + 38. Determine j(8).
-2
Let d(c) = c + 12. Give d(-13).
-1
Let g(b) = b**3 - 12*b**2 + 10*b - 14. What is g(6)?
-170
Let m(p) = p**3 + 11*p**2 + 12*p - 7. Determine m(-9).
47
Let g(v) = -v**2 - 5*v + 65. Determine g(-9).
29
Let o(l) = -l**2 - 16*l - 51. Determine o(-11).
4
Let t(k) = -2*k**2 + 16*k + 6. Calculate t(8).
6
Let u(a) = -a**3 - 23*a**2 - 41*a + 14. What is u(-21)?
-7
Let r(m) = m**2 - 28*m + 18. What is r(27)?
-9
Let h(b) = b**2 + 9*b. Determine h(-9).
0
Let l(u) = 2*u**3 - 4*u**2 + 5*u - 2. What is l(3)?
31
Let r(t) = t**2 + 8*t - 16. What is r(-11)?
17
Let s(p) = -p**2 + 7*p + 14. What is s(7)?
14
Let f(p) = p**2 + 10*p + 7. Determine f(-9).
-2
Let c(f) = -f**3 - 10*f**2 - 10*f - 4. Determine c(-9).
5
Let z(x) = -2*x**2 - 7*x + 10. Calculate z(-7).
-39
Let p(v) = -5*v**2 - 2*v - 5. What is p(-4)?
-77
Let h(z) = -z**2 + 12*z - 5. Determine h(8).
27
Let g(m) = 29*m**2 - 143*m - 2. Determine g(5).
8
Let c(t) = t**2 - 6*t - 16. Determine c(8).
0
Let c(n) = -2*n**2 + 41*n - 6. Determine c(21).
-27
Let w(k) = k**3 - 12*k**2 + k - 21. Give w(12).
-9
Let n(x) = -x**3 - 4*x**2 - 4*x + 2. Determine n(-4).
18
Let i(a) = a - 1. Give i(4).
3
Let g(h) = -h**3 + 4*h**2 + 2*h - 1. Give g(4).
7
Let f(c) = 3*c**3 + 4*c**2 - 6. Calculate f(-2).
-14
Let b(p) = p**3 - 4*p**2 - 2*p + 7. What is b(4)?
-1
Let i(o) = 24*o**2 + 1. Determine i(-1).
25
Let r(q) = 15*q + 77. Calculate r(-5).
2
Let m(y) = 3*y - 36. Determine m(15).
9
Let c(j) = -j**2 + 9*j + 15. Give c(10).
5
Let y(v) = -v**3 - 2*v**2 + 14*v + 5. Calculate y(-5).
10
Let w(m) = -7*m**2 + 2*m + 1. What is w(-1)?
-8
Let w(g) = 6*g**2 - 3*g + 1. What is w(2)?
19
Let q(p) = p**3 - 9*p**2 + 9*p + 1. What is q(8)?
9
Let f(o) = o**3 - 7*o**2 - 45*o + 23. Calculate f(11).
12
Let c(i) = 4*i**2 + 16*i + 6. Determine c(-4).
6
Let z(y) = -y**3 + 7*y**2 - 6*y - 3. Give z(7).
-45
Let w(g) = g**3 + 10*g**2 - 73*g + 19. Calculate w(-15).
-11
Let s(w) = -w + 15. Calculate s(10).
5
Let u(w) = w**3 - 4*w**2 - 6*w - 7. Calculate u(5).
-12
Let q(k) = 20*k + 1. Determine q(1).
21
Let v(z) = -z**2 - 5*z + 1. Give v(-3).
7
Let g(z) = z - 13. Calculate g(6).
-7
Let u(q) = 5*q**2 - 10*q. Give u(3).
15
Let x(l) = l - 8. Determine x(7).
-1
Let o(y) = -y**3 + 4*y**2 + 3*y - 12. Determine o(2).
2
Let d(u) = -2*u + 6. Give d(21).
-36
Let y(p) = -33*p + 29. Calculate y(1).
-4
Let v(d) = 2*d**3 + 5*d**2 + 8*d + 3. Determine v(-2).
-9
Let o(a) = -a**2 + 2*a + 5. Determine o(-6).
-43
Let h(a) = -4*a**3 - 2. Give h(-2).
30
Let c(x) = -x**2 + 5*x + 5. What is c(-4)?
-31
Let o(u) = 97*u + 387. Give o(-4).
-1
Let a(k) = k**2 + 3*k - 14. What is a(-6)?
4
Let l(t) = -t**3 + 15*t**2 - t + 22. Calculate l(15).
7
Let p(i) = -i**2 - 8*i + 14. What is p(-8)?
14
Let g(h) = 32*h - 104. Give g(3).
-8
Let z(x) = -3*x. Give z(-1).
3
Let l(c) = c**3 + 7*c**2 - 2*c - 13. Give l(-7).
1
Let u(v) = -17*v**2 + 6*v + 13. Calculate u(-2).
-67
Let q(n) = -8*n - 431. Calculate q(-55).
9
Let l(f) = -f**3 - 16*f**2 - 14*f + 14. Calculate l(-15).
-1
Let a(s) = 7*s + 13. What is a(-3)?
-8
Let p(x) = -x**2 - x - 1. Give p(-3).
-7
Let m(c) = -c**2 - 2. What is m(0)?
-2
Let u(h) = h**3 + 7*h**2 - 11*h - 3. What is u(-8)?
21
Let b(u) = -2*u + 26. Calculate b(9).
8
Let t(u) = -20*u**2 - u + 2. Give t(1).
-19
Let z(y) = 3*y + 7. Determine z(2).
13
Let j(r) = -r**2 + 6*r - 6. What is j(4)?
2
Let q(x) = -x + 9. What is q(16)?
-7
Let w(b) = b + 18. Calculate w(16).
34
Let m(i) = i**3 - i - 80. What is m(0)?
-80
Let w(k) = 2*k**2 - 9*k - 264. Determine w(14).
2
Let y(s) = -2*s**2 + 25*s + 2. Determine y(13).
-11
Let 